240 + -578. Let g = 478 + q. Is 14 a factor of g?
True
Suppose -6*r - 325 - 275 = 0. Let q = 136 + r. Is q a multiple of 6?
True
Let g be (-1)/4 + 36/16 - -13. Let p be -10 + 17 - g/3. Suppose -p*y + 4 = 0, -3*z + 142 = -z - y. Does 18 divide z?
True
Is 9 a factor of (-5)/(-50)*11885 + 1/(-2)?
True
Suppose 0 = 5*b, -2*t + b = 5*b - 32. Let v(o) = o**3 - 13*o**2 - 38*o - 17. Is 10 a factor of v(t)?
False
Let m be (-1)/(160/(-156) + 1). Suppose 2*x + 18 = 2*u, 4*u - x - m = -0*x. Suppose u*i - 12*i = -72. Does 12 divide i?
True
Let r be ((-8)/(-10))/((-44)/(-71170)). Let k = -839 + r. Does 35 divide k?
True
Let z = 54 + -68. Let p = z - -449. Suppose 3*w = 5*n - 431, n - 6*n + p = -5*w. Does 6 divide n?
False
Let q = -380 - -432. Suppose 0 = -q*m + 43*m + 6804. Is 7 a factor of m?
True
Suppose 4*m - 8634 = -4*c - m, 5*m = 10. Does 60 divide c?
False
Suppose -3*b + 34854 = 463*f - 460*f, 4*b = -16. Is f a multiple of 16?
False
Suppose -3*x + 1 = -2*x. Let v be (18/(-54))/(x/(-15)). Suppose -332 = -v*z - 52. Does 13 divide z?
False
Suppose 3*m - 3*d + 6*d + 9 = 0, 4*m + 42 = 2*d. Let x be 4*6*404/(-16). Does 19 divide x/(-8) - 2/m?
True
Let y = 46 - 25. Let b be -2*2/(-6)*y. Suppose b = z - 7. Is 8 a factor of z?
False
Is 2 a factor of (1/2)/(((-1054)/31)/(-108596))?
False
Does 44 divide (362/(-4))/(((-63)/(-56))/(-9))?
False
Let x(n) = -31*n**3 + 13*n**2 - 12*n - 261. Is x(-8) a multiple of 149?
True
Let c(g) = g**2 - 10*g - 31. Let s be c(13). Suppose 157 = s*b - 99. Suppose 164 - b = 3*w. Is w a multiple of 11?
True
Suppose -4*o + a + 90156 = 0, 2*o + 304*a - 308*a = 45106. Is o a multiple of 31?
True
Suppose -482*u + 31425612 = -99*u + 12210119. Is u a multiple of 138?
False
Let d be (202 - (-7 + 11))/2. Suppose 14*c = d + 41. Is c a multiple of 2?
True
Suppose -b - 21 = -4*n, 2*n + 7 = -2*b - b. Let x be -146 - (4 + -9 + n). Let k = -10 - x. Is k a multiple of 45?
True
Suppose 0 = -2*v - 3*l + 36, 3*l = -7*v + 9*v - 60. Does 69 divide v/32*8*345/6?
True
Let f = 40 - 46. Let x be (-21)/f - (-1)/2. Is 315/12 + (-1)/x a multiple of 13?
True
Let z(w) = 12*w + 228. Let n be z(-19). Suppose -2*b + 53 = 3*a - n*b, 12 = 3*b. Is 10 a factor of a?
False
Let m be ((-2)/(-1)*-1 - -56)*1. Suppose -18 = -9*v + m. Is (6/v)/((-29)/(-2436)) a multiple of 9?
True
Let q(k) = 74*k + 6. Suppose -13 + 33 = -5*u. Let y = 6 + u. Is 22 a factor of q(y)?
True
Suppose -4*x = 5*k + 6671 - 30767, 4854 = k - 5*x. Is 72 a factor of k?
True
Let o(w) = -80*w - 333. Does 16 divide o(-11)?
False
Let x = 181 - -22608. Is x a multiple of 8?
False
Let p = -54 + 57. Suppose -4*l + p = -53. Is 29 a factor of 4/l + 14598/63?
True
Let h(j) = 2*j**3 - 3*j**2 + 4*j - 6. Let u be h(2). Let g(s) = -s**3 + 6*s**2 - 2. Let w be g(u). Is 7 a factor of 4/1 + w - -29?
False
Let p be 0 + 1 + -3 + 12. Suppose 5*k - 4*k + p = 4*i, 0 = 3*i + 3*k. Does 24 divide -118*(8/(-4) - (-3)/i)?
False
Let r be (15/2)/(-5)*(-50)/15. Suppose r*g - 4*l = 251, -g + 47 = -8*l + 4*l. Is g even?
False
Let i(s) = 82*s**2 - 3*s + 30. Let a be i(-6). Suppose 10*z - a = -0*z. Does 6 divide z?
True
Suppose -104 - 30 = 4*n + 3*o, 5*o = -10. Let v be 16/n - 18/4. Is 138/2 + v/((-10)/6) a multiple of 9?
True
Let z = -65 - -67. Suppose 2*b + d + 14 = z, -2*b = 2*d + 16. Does 17 divide -6*(34/b + -3)?
False
Let b(a) = -5*a**3 + 500*a**2 + 4*a - 166. Is b(100) a multiple of 14?
False
Is (12420/(-35))/(1*1/(-7)) a multiple of 108?
True
Suppose 0 = -15*g + 10*g + 50. Suppose g*i = 6*i + 380. Suppose q - 10 = i. Does 35 divide q?
True
Suppose 0 = -5*r + 5*j + 13576 + 3039, 2*r = 3*j + 6644. Is r a multiple of 19?
True
Let h(o) = -o**3 + 11*o**2 - 9*o + 14. Let j(c) = -2*c**3 + 11*c**2 - 8*c + 15. Let s(z) = 3*h(z) - 2*j(z). Let a be s(-12). Is 5 a factor of a/2 - 4 - -39?
True
Suppose -4*p + u = -121, -5*u + u = 4*p - 116. Let i be (-6)/(-2) + 5*(p - -3). Suppose 10*h = -2*h + i. Does 3 divide h?
False
Suppose 900 = -6*t + 15*t. Suppose h + w = t, h - 2*h + 106 = -2*w. Does 17 divide h?
True
Suppose -5*o - 279 = 906. Let d = -219 - o. Does 18 divide d?
True
Suppose -5*v - 117 + 87 = 0. Is (-2 - (-328)/v)*(-129)/86 a multiple of 17?
True
Let j = 134 + -124. Let a(m) = -m**2 + 12*m + 18. Does 19 divide a(j)?
True
Let a(j) = 2 - 29 - 4*j - 21*j. Let y(x) = x**3 - 9*x**2 - 12*x + 15. Let t be y(10). Does 12 divide a(t)?
False
Let j(n) = -296*n + 69. Let y(o) = -2*o - 4. Let b(h) = -j(h) + 3*y(h). Is 6 a factor of b(1)?
False
Let j = 319 - -123. Suppose 2*p - 5 = 1, -o = 4*p - j. Does 86 divide o?
True
Suppose 9*j = 94 - 481. Let n = j - -80. Is n a multiple of 2?
False
Let n(y) = 2*y**2 - 43*y - 1431. Is n(78) a multiple of 69?
True
Let h(v) = 3*v**2 + 24*v - 3. Let r be h(-7). Does 16 divide 96 - 0 - (-6)/(r/(-4))?
False
Let t(l) = 3*l**2 - 25*l + 7. Let c(b) = -b + 28. Let r be c(18). Is 42 a factor of t(r)?
False
Suppose 6*r = 35119 - 3223. Suppose 14*d = r - 1116. Does 12 divide d?
True
Let w be (-1 - 9)*(2 + 5 + -4). Let o = w - -32. Is 166 - -1 - ((o - -1) + -1) a multiple of 33?
True
Let p = -43 + 40. Let t be p + (-12)/(-3) + 4. Suppose -30 = t*m - 8*m. Is 10 a factor of m?
True
Let l(t) = 18*t**2 - 5*t - 8. Let n(u) = u**3 - 9*u**2 + 17*u - 23. Let y be n(7). Let k be l(y). Suppose 3*j = j - 10, 0 = -4*m + 2*j + k. Does 10 divide m?
False
Let t = 51 + -49. Suppose 2*s - 4 = 0, 3*x + 36 = -x + t*s. Is (-12)/(-3) - 4 - x a multiple of 8?
True
Let u = -247 - -370. Suppose -8*t = 643 - u. Let d = t + 155. Does 10 divide d?
True
Let r = -49 + 54. Suppose 4*b + 297 = r*b. Does 33 divide b?
True
Suppose 0 = -5*p - 5*m - 3940, -2*m + 713 = -3*p - 1661. Suppose -4*s + s = -24. Is (s/(-20))/(4/p) a multiple of 14?
False
Let a = -1119 - -1839. Suppose -1067 = -4*k - 3*j, 3*k + 3*j - 81 = a. Is 53 a factor of k?
False
Let x(d) = -7*d - 42. Let y be x(26). Is 6 a factor of (-6042)/(-14) + (-96)/y?
True
Let n be ((-75)/9)/(2/42). Let h = 657 - 355. Let a = n + h. Is 27 a factor of a?
False
Let o(c) = 3*c**3 + 2*c**2 + 12*c - 24. Let h be o(8). Suppose h - 281 = 5*r. Does 3 divide r?
True
Let l(s) = s**2 - 4*s + 14. Let t(d) = 18*d + 8*d + d**2 - 32*d. Let r be t(7). Is l(r) a multiple of 5?
True
Let q be (6 - 11)/(2/4*-2). Suppose -k = 4*k - q. Is 12 a factor of (-7)/((-21)/(-153))*k*-4?
True
Let k be 111 + 4/(24/30). Suppose 111*p + 850 = k*p. Is p a multiple of 28?
False
Let b(p) = -3*p + 4. Let c be b(6). Let v be 364/(-3) + ((-12)/18 - 0). Let w = c - v. Is 36 a factor of w?
True
Let x(t) be the third derivative of t**6/40 - 11*t**5/60 + 7*t**3/3 + 23*t**2. Does 3 divide x(4)?
True
Suppose 2*a = -z - 0*a - 7, -3*z = -3*a - 24. Suppose 0 = -z*y + 2*s + 234, -5*y = 2*s + 60 - 450. Suppose 8*r = 7*r + y. Is r a multiple of 39?
True
Suppose 3*n - 5*k = -3246, -4*n - 4363 = -5*k + 10*k. Let h = n + 2248. Is 41 a factor of h?
False
Let w = 2791 + -1393. Let q = w - 732. Is q a multiple of 13?
False
Suppose r + 72072 = -2*r + 59*r. Is r a multiple of 6?
False
Let t(u) = 2 + 2*u**3 - u + 7 - 3*u**3 + 10*u**2. Let y = 2415 + -2406. Is t(y) a multiple of 23?
False
Let f(i) = -61*i + 5. Let k be f(0). Suppose 5*p - k*d - 1100 = -10*d, -4*p - 5*d = -884. Does 12 divide p?
True
Let l = 205 + 20. Suppose 0 = -f - 2*f + l. Is 3 a factor of 6/4 + f/10?
True
Let u = 788 + 1354. Does 18 divide u?
True
Let a = 31073 - 17137. Is 134 a factor of a?
True
Let h = -32729 - -45833. Is h a multiple of 16?
True
Suppose -5*f = -5*b + 1335, -26*f = -25*f + b + 263. Let a = 211 - f. Is 16 a factor of a?
False
Let g = 2868 - -2923. Is g a multiple of 23?
False
Let r be (-4)/(0 - -2)*21/(-14). Suppose 0 = r*m + 2*j - 0*j - 542, j = -5*m + 908. Suppose -2*a = 5*u - m, 5*a - 6*u + 2*u = 455. Does 18 divide a?
False
Let i(q) = q**2 + 10*q + 132. Is i(-22) a multiple of 6?
True
Does 16 divide (20268/(-5))/((-538)/1345)?
False
Suppose 5*d - 2266 = -4*m, m - 5*d = -4*d + 571. Let y = -289 + m. Is y a multiple of 10?
True
Let a(c) = -2*c**3 - 18*c**2 - 12*c - 8. Let n be a(-17). Is (-1)/3 + n/15 - -3 a multiple of 10?
False
Let z(v) = v**3 - 5*v**2 - 5*v + 19. Let r be z(5). Let l(w) = 37*w**2 + 24*w + 55. Does 11 divide l(r)?
True
Let g(t) = 8*t**2 + 20*t - 16. Let w be g(-7). Suppose 0 = 4*f - 172 - w. Does 75 divide f?
False
Let l be 1/(4 + (-133)/33). Let c = l 